8
What is the units digit of 4178?
8
What is the tens digit of 4108?
0
What is the thousands digit of 20635?
0
What is the units digit of 606?
6
What is the units digit of 3430?
0
What is the tens digit of 4932?
3
What is the hundreds digit of 1512?
5
What is the hundreds digit of 959?
9
What is the ten thousands digit of 57548?
5
What is the tens digit of 91475?
7
What is the tens digit of 7544?
4
What is the tens digit of 615?
1
What is the hundreds digit of 1712?
7
What is the hundreds digit of 1288?
2
What is the thousands digit of 30913?
0
What is the units digit of 3635?
5
What is the tens digit of 159?
5
What is the tens digit of 44?
4
What is the ten thousands digit of 14796?
1
What is the hundreds digit of 315?
3
What is the tens digit of 1547?
4
What is the thousands digit of 19413?
9
What is the hundreds digit of 707?
7
What is the units digit of 2006?
6
What is the units digit of 3282?
2
What is the hundreds digit of 2879?
8
What is the units digit of 5501?
1
What is the thousands digit of 51184?
1
What is the units digit of 1744?
4
What is the units digit of 1596?
6
What is the tens digit of 26947?
4
What is the thousands digit of 7100?
7
What is the tens digit of 3037?
3
What is the hundreds digit of 253?
2
What is the hundreds digit of 8048?
0
What is the units digit of 718?
8
What is the thousands digit of 28351?
8
What is the tens digit of 14796?
9
What is the thousands digit of 55585?
5
What is the hundreds digit of 2303?
3
What is the thousands digit of 72587?
2
What is the hundreds digit of 47514?
5
What is the units digit of 339?
9
What is the ten thousands digit of 42801?
4
What is the units digit of 146?
6
What is the units digit of 7044?
4
What is the units digit of 863?
3
What is the thousands digit of 15851?
5
What is the units digit of 967?
7
What is the units digit of 3070?
0
What is the units digit of 157311?
1
What is the units digit of 47615?
5
What is the hundreds digit of 4644?
6
What is the hundreds digit of 83833?
8
What is the hundreds digit of 4634?
6
What is the hundreds digit of 50618?
6
What is the thousands digit of 2052?
2
What is the thousands digit of 47979?
7
What is the hundreds digit of 32622?
6
What is the thousands digit of 30304?
0
What is the tens digit of 8288?
8
What is the hundreds digit of 6356?
3
What is the hundreds digit of 3379?
3
What is the tens digit of 3750?
5
What is the thousands digit of 57778?
7
What is the units digit of 1231?
1
What is the units digit of 145?
5
What is the tens digit of 11857?
5
What is the thousands digit of 1404?
1
What is the thousands digit of 9859?
9
What is the units digit of 928?
8
What is the thousands digit of 34891?
4
What is the hundreds digit of 2097?
0
What is the units digit of 307?
7
What is the hundreds digit of 4118?
1
What is the hundreds digit of 24174?
1
What is the units digit of 782?
2
What is the units digit of 599?
9
What is the tens digit of 634?
3
What is the hundreds digit of 406?
4
What is the hundreds digit of 415?
4
What is the tens digit of 6998?
9
What is the thousands digit of 2004?
2
What is the thousands digit of 10514?
0
What is the units digit of 3280?
0
What is the units digit of 19300?
0
What is the tens digit of 9512?
1
What is the ten thousands digit of 39068?
3
What is the thousands digit of 6004?
6
What is the tens digit of 394?
9
What is the hundreds digit of 675?
6
What is the units digit of 184002?
2
What is the thousands digit of 1202?
1
What is the units digit of 2614?
4
What is the hundreds digit of 1108?
1
What is the hundreds digit of 7302?
3
What is the hundreds digit of 213?
2
What is the thousands digit of 6907?
6
What is the hundreds digit of 31692?
6
What is the ten thousands digit of 23544?
2
What is the units digit of 1715?
5
What is the tens digit of 217?
1
What is the thousands digit of 3616?
3
What is the hundreds digit of 9920?
9
What is the tens digit of 31412?
1
What is the tens digit of 3071?
7
What is the units digit of 1286?
6
What is the units digit of 527?
7
What is the hundreds digit of 39429?
4
What is the units digit of 2529?
9
What is the hundreds digit of 9015?
0
What is the hundreds digit of 143?
1
What is the units digit of 299?
9
What is the tens digit of 161?
6
What is the ten thousands digit of 67191?
6
What is the hundreds digit of 6564?
5
What is the units digit of 23252?
2
What is the tens digit of 357?
5
What is the tens digit of 49737?
3
What is the ten thousands digit of 138283?
3
What is the hundreds digit of 833?
8
What is the thousands digit of 4781?
4
What is the units digit of 1599?
9
What is the ten thousands digit of 39171?
3
What is the tens digit of 2413?
1
What is the ten thousands digit of 28788?
2
What is the units digit of 81656?
6
What is the ten thousands digit of 52077?
5
What is the tens digit of 120589?
8
What is the tens digit of 47133?
3
What is the ten thousands digit of 44915?
4
What is the hundreds digit of 1021?
0
What is the tens digit of 25301?
0
What is the units digit of 146330?
0
What is the hundreds digit of 38613?
6
What is the hundreds digit of 4090?
0
What is the units digit of 2134?
4
What is the tens digit of 1741?
4
What is the tens digit of 10102?
0
What is the hundreds digit of 10137?
1
What is the units digit of 691?
1
What is the tens digit of 36817?
1
What is the hundreds digit of 614?
6
What is the units digit of 4052?
2
What is the ten thousands digit of 93222?
9
What is the units digit of 2508?
8
What is the units digit of 5815?
5
What is the tens digit of 4373?
7
What is the thousands digit of 1350?
1
What is the hundreds digit of 7354?
3
What is the units digit of 3528?
8
What is the units digit of 909?
9
What is the units digit of 6224?
4
What is the units digit of 376?
6
What is the tens digit of 76197?
9
What is the thousands digit of 1182?
1
What is the hundreds digit of 289?
2
What is the ten thousands digit of 20546?
2
What is the thousands digit of 4038?
4
What is the tens digit of 706?
0
What is the thousands digit of 27503?
7
What is the hundreds digit of 2126?
1
What is the ten thousands digit of 133120?
3
What is the thousands digit of 59985?
9
What is the ten thousands digit of 26457?
2
What is the units digit of 1321?
1
What is the ten thousands digit of 82307?
8
What is the tens digit of 2474?
7
What is the hundreds digit of 626?
6
What is the ten thousands digit of 47309?
4
What is the hundreds digit of 73867?
8
What is the units digit of 3969?
9
What is the hundreds digit of 4552?
5
What is the tens digit of 99635?
3
What is the hundreds digit of 2892?
8
What is the thousands digit of 39859?
9
What is the units digit of 19154?
4
What is the thousands digit of 8574?
8
What is the units digit of 2444?
4
What is the units digit of 92101?
1
What is the hundreds digit of 13032?
0
What is the units digit of 3457?
7
What is the tens digit of 108?
0
What is the hundreds digit of 54524?
5
What is the hundreds digit of 45595?
5
What is the hundreds digit of 3229?
2
What is the units digit of 284?
4
What is the units digit of 14600?
0
What is the thousands digit of 14824?
4
What is the units digit of 709?
9
What is the hundreds digit of 1267?
2
What is the ten thousands digit of 65045?
6
What is the hundreds digit of 43762?
7
What is the hundreds digit of 4768?
7
What is the tens digit of 482?
8
What is the hundreds digit of 1067?
0
What is the units digit of 14212?
2
What is the tens digit of 3091?
9
What is the thousands digit of 4315?
4
What is the units digit of 625?
5
What is the tens digit of 34107?
0
What is the ten thousands digit of 81710?
8
What is the hundreds digit of 1834?
8
What is the units digit of 97?
7
What is the thousands digit of 80043?
0
What is the thousands digit of 2190?
2
What is the hundreds digit of 1183?
1
What is the thousands digit of 92433?
2
What is the tens digit of 26?
2
What is the ten thousands digit of 40052?
4
What is the units digit of 10891?
1
What is the units digit of 3233?
3
What is the tens digit of 722?
2
What is the units digit of 2648?
8
What is the tens digit of 96?
9
What is the thousands digit of 3013?
3
What is the thousands digit of 1603?
1
What is the units digit of 178399?
9
What is the units digit of 77?
7
What is the units digit of 81641?
1
What is the thousands di